{"id":291,"date":"2025-04-27T18:30:23","date_gmt":"2025-04-27T21:30:23","guid":{"rendered":"http:\/\/ciateatrodocumentario.com.br\/?page_id=291"},"modified":"2025-04-27T18:39:43","modified_gmt":"2025-04-27T21:39:43","slug":"elementor-291","status":"publish","type":"page","link":"https:\/\/ciateatrodocumentario.com.br\/?page_id=291","title":{"rendered":""},"content":{"rendered":"\t\t<div data-elementor-type=\"wp-page\" data-elementor-id=\"291\" class=\"elementor elementor-291\">\n\t\t\t\t<div class=\"elementor-element elementor-element-5c4ca44 e-flex e-con-boxed e-con e-parent\" data-id=\"5c4ca44\" data-element_type=\"container\">\n\t\t\t\t\t<div class=\"e-con-inner\">\n\t\t\t\t<div class=\"elementor-element elementor-element-2029471 elementor-widget elementor-widget-image\" data-id=\"2029471\" data-element_type=\"widget\" data-widget_type=\"image.default\">\n\t\t\t\t<div class=\"elementor-widget-container\">\n\t\t\t\t\t\t\t\t\t\t\t\t\t\t\t<img fetchpriority=\"high\" decoding=\"async\" width=\"843\" height=\"211\" src=\"https:\/\/ciateatrodocumentario.com.br\/wp-content\/uploads\/2025\/04\/Cabecalho-para-Google-Glassroom-Literatura-Infantil-Aquarela-6-1024x256.png\" class=\"attachment-large size-large wp-image-293\" alt=\"\" srcset=\"https:\/\/ciateatrodocumentario.com.br\/wp-content\/uploads\/2025\/04\/Cabecalho-para-Google-Glassroom-Literatura-Infantil-Aquarela-6-1024x256.png 1024w, https:\/\/ciateatrodocumentario.com.br\/wp-content\/uploads\/2025\/04\/Cabecalho-para-Google-Glassroom-Literatura-Infantil-Aquarela-6-300x75.png 300w, https:\/\/ciateatrodocumentario.com.br\/wp-content\/uploads\/2025\/04\/Cabecalho-para-Google-Glassroom-Literatura-Infantil-Aquarela-6-768x192.png 768w, https:\/\/ciateatrodocumentario.com.br\/wp-content\/uploads\/2025\/04\/Cabecalho-para-Google-Glassroom-Literatura-Infantil-Aquarela-6-1536x384.png 1536w, https:\/\/ciateatrodocumentario.com.br\/wp-content\/uploads\/2025\/04\/Cabecalho-para-Google-Glassroom-Literatura-Infantil-Aquarela-6.png 1920w\" sizes=\"(max-width: 843px) 100vw, 843px\" \/>\t\t\t\t\t\t\t\t\t\t\t\t\t\t\t<\/div>\n\t\t\t\t<\/div>\n\t\t\t\t\t<\/div>\n\t\t\t\t<\/div>\n\t\t<div class=\"elementor-element elementor-element-d95be11 e-flex e-con-boxed e-con e-parent\" data-id=\"d95be11\" data-element_type=\"container\">\n\t\t\t\t\t<div class=\"e-con-inner\">\n\t\t\t\t<div class=\"elementor-element elementor-element-7739852 elementor-widget elementor-widget-text-editor\" data-id=\"7739852\" data-element_type=\"widget\" data-widget_type=\"text-editor.default\">\n\t\t\t\t<div class=\"elementor-widget-container\">\n\t\t\t\t\t\t\t\t\t<p><span style=\"font-weight: 400;\">Em 2013, a Cia. elaborou o projeto <\/span><strong><i>A morte na vida da grande cidade <\/i><\/strong><span style=\"font-weight: 400;\">contemplado pela 23\u00aa Edi\u00e7\u00e3o da Lei de Fomento ao Teatro para a Cidade de S\u00e3o Paulo. A partir do relato de Francisca sobre as pequenas mortes simb\u00f3licas por que passam aqueles que migram, percorremos uma trajet\u00f3ria por lugares espec\u00edficos da cidade de S\u00e3o Paulo. Uma esta\u00e7\u00e3o de trem que se tornou apenas lugar de passagem, perto da Cracol\u00e2ndia, espa\u00e7o onde convivem, os chamados pela m\u00eddia, mortos\/vivos do crack; o pr\u00e9dio de uma f\u00e1brica que foi posto abaixo na cidade que pulveriza sua hist\u00f3ria arquitet\u00f4nica; um rio morto; e um cemit\u00e9rio, como outros tantos, isolados do cotidiano de uma metr\u00f3pole que n\u00e3o pode parar. Fruto dessa pesquisa, nasceu o document\u00e1rio c\u00eanico <\/span><i><span style=\"font-weight: 400;\">Terrenos: Document\u00e1rio C\u00eanico sobre \u201cA Morte na Vida da Grande Cidade&#8221;<\/span><\/i><span style=\"font-weight: 400;\"> contemplado pelo PROAC Produ\u00e7\u00e3o de Espet\u00e1culo em 2015. Fizemos temporada em julho do mesmo ano na Oficina Cultural Oswald de Andrade. Posteriormente, nos apresentamos em Bauru, Piracicaba, S\u00e3o Carlos e Ribeir\u00e3o Preto, pelo Circuito TUSP.<\/span><\/p><p><strong>SINOPSE<\/strong><\/p><p><span style=\"font-weight: 400;\">Entre o docudrama e o document\u00e1rio c\u00eanico, a encena\u00e7\u00e3o parte do relato de uma senhora de 98 anos, Francisca, sobre as mortes que a acompanharam na decis\u00e3o por sair do interior e vir para capital. A Cia. Teatro Document\u00e1rio pretende com esse trabalho trazer para os palcos paulistanos a possibilidade de den\u00fancia por meio do discurso c\u00eanico a partir de comprova\u00e7\u00e3o documental.<\/span><\/p>\t\t\t\t\t\t\t\t<\/div>\n\t\t\t\t<\/div>\n\t\t\t\t\t<\/div>\n\t\t\t\t<\/div>\n\t\t<div class=\"elementor-element elementor-element-f76fd4b e-flex e-con-boxed e-con e-parent\" data-id=\"f76fd4b\" data-element_type=\"container\">\n\t\t\t\t\t<div class=\"e-con-inner\">\n\t\t\t\t<div class=\"elementor-element elementor-element-2ba10f8 elementor-widget elementor-widget-image\" data-id=\"2ba10f8\" data-element_type=\"widget\" data-widget_type=\"image.default\">\n\t\t\t\t<div class=\"elementor-widget-container\">\n\t\t\t\t\t\t\t\t\t\t\t\t\t\t\t<img decoding=\"async\" width=\"843\" height=\"562\" src=\"https:\/\/ciateatrodocumentario.com.br\/wp-content\/uploads\/2025\/04\/TERRENOS-Gaviao-Peixoto-Teatro-Documentario-Foto-Maria-Tereza-Urias-01-1024x683.jpg\" class=\"attachment-large size-large wp-image-295\" alt=\"\" srcset=\"https:\/\/ciateatrodocumentario.com.br\/wp-content\/uploads\/2025\/04\/TERRENOS-Gaviao-Peixoto-Teatro-Documentario-Foto-Maria-Tereza-Urias-01-1024x683.jpg 1024w, https:\/\/ciateatrodocumentario.com.br\/wp-content\/uploads\/2025\/04\/TERRENOS-Gaviao-Peixoto-Teatro-Documentario-Foto-Maria-Tereza-Urias-01-300x200.jpg 300w, https:\/\/ciateatrodocumentario.com.br\/wp-content\/uploads\/2025\/04\/TERRENOS-Gaviao-Peixoto-Teatro-Documentario-Foto-Maria-Tereza-Urias-01-768x512.jpg 768w, https:\/\/ciateatrodocumentario.com.br\/wp-content\/uploads\/2025\/04\/TERRENOS-Gaviao-Peixoto-Teatro-Documentario-Foto-Maria-Tereza-Urias-01-1536x1024.jpg 1536w, https:\/\/ciateatrodocumentario.com.br\/wp-content\/uploads\/2025\/04\/TERRENOS-Gaviao-Peixoto-Teatro-Documentario-Foto-Maria-Tereza-Urias-01-2048x1365.jpg 2048w\" sizes=\"(max-width: 843px) 100vw, 843px\" \/>\t\t\t\t\t\t\t\t\t\t\t\t\t\t\t<\/div>\n\t\t\t\t<\/div>\n\t\t\t\t\t<\/div>\n\t\t\t\t<\/div>\n\t\t<div class=\"elementor-element elementor-element-214470d e-flex e-con-boxed e-con e-parent\" data-id=\"214470d\" data-element_type=\"container\">\n\t\t\t\t\t<div class=\"e-con-inner\">\n\t\t\t\t<div class=\"elementor-element elementor-element-9590016 elementor-widget elementor-widget-image\" data-id=\"9590016\" data-element_type=\"widget\" data-widget_type=\"image.default\">\n\t\t\t\t<div class=\"elementor-widget-container\">\n\t\t\t\t\t\t\t\t\t\t\t\t\t\t\t<img decoding=\"async\" width=\"843\" height=\"562\" src=\"https:\/\/ciateatrodocumentario.com.br\/wp-content\/uploads\/2025\/04\/TERRENOS-Gaviao-Peixoto-Teatro-Documentario-Foto-Maria-Tereza-Urias-02-1024x683.jpg\" class=\"attachment-large size-large wp-image-296\" alt=\"\" srcset=\"https:\/\/ciateatrodocumentario.com.br\/wp-content\/uploads\/2025\/04\/TERRENOS-Gaviao-Peixoto-Teatro-Documentario-Foto-Maria-Tereza-Urias-02-1024x683.jpg 1024w, https:\/\/ciateatrodocumentario.com.br\/wp-content\/uploads\/2025\/04\/TERRENOS-Gaviao-Peixoto-Teatro-Documentario-Foto-Maria-Tereza-Urias-02-300x200.jpg 300w, https:\/\/ciateatrodocumentario.com.br\/wp-content\/uploads\/2025\/04\/TERRENOS-Gaviao-Peixoto-Teatro-Documentario-Foto-Maria-Tereza-Urias-02-768x512.jpg 768w, https:\/\/ciateatrodocumentario.com.br\/wp-content\/uploads\/2025\/04\/TERRENOS-Gaviao-Peixoto-Teatro-Documentario-Foto-Maria-Tereza-Urias-02-1536x1024.jpg 1536w, https:\/\/ciateatrodocumentario.com.br\/wp-content\/uploads\/2025\/04\/TERRENOS-Gaviao-Peixoto-Teatro-Documentario-Foto-Maria-Tereza-Urias-02-2048x1365.jpg 2048w\" sizes=\"(max-width: 843px) 100vw, 843px\" \/>\t\t\t\t\t\t\t\t\t\t\t\t\t\t\t<\/div>\n\t\t\t\t<\/div>\n\t\t\t\t\t<\/div>\n\t\t\t\t<\/div>\n\t\t<div class=\"elementor-element elementor-element-dc0038b e-flex e-con-boxed e-con e-parent\" data-id=\"dc0038b\" data-element_type=\"container\">\n\t\t\t\t\t<div class=\"e-con-inner\">\n\t\t\t\t<div class=\"elementor-element elementor-element-2e06623 elementor-widget elementor-widget-image\" data-id=\"2e06623\" data-element_type=\"widget\" data-widget_type=\"image.default\">\n\t\t\t\t<div class=\"elementor-widget-container\">\n\t\t\t\t\t\t\t\t\t\t\t\t\t\t\t<img loading=\"lazy\" decoding=\"async\" width=\"843\" height=\"562\" src=\"https:\/\/ciateatrodocumentario.com.br\/wp-content\/uploads\/2025\/04\/TERRENOS-Gaviao-Peixoto-Teatro-Documentario-Foto-Maria-Tereza-Urias-05-1024x683.jpg\" class=\"attachment-large size-large wp-image-297\" alt=\"\" srcset=\"https:\/\/ciateatrodocumentario.com.br\/wp-content\/uploads\/2025\/04\/TERRENOS-Gaviao-Peixoto-Teatro-Documentario-Foto-Maria-Tereza-Urias-05-1024x683.jpg 1024w, https:\/\/ciateatrodocumentario.com.br\/wp-content\/uploads\/2025\/04\/TERRENOS-Gaviao-Peixoto-Teatro-Documentario-Foto-Maria-Tereza-Urias-05-300x200.jpg 300w, https:\/\/ciateatrodocumentario.com.br\/wp-content\/uploads\/2025\/04\/TERRENOS-Gaviao-Peixoto-Teatro-Documentario-Foto-Maria-Tereza-Urias-05-768x512.jpg 768w, https:\/\/ciateatrodocumentario.com.br\/wp-content\/uploads\/2025\/04\/TERRENOS-Gaviao-Peixoto-Teatro-Documentario-Foto-Maria-Tereza-Urias-05-1536x1024.jpg 1536w, https:\/\/ciateatrodocumentario.com.br\/wp-content\/uploads\/2025\/04\/TERRENOS-Gaviao-Peixoto-Teatro-Documentario-Foto-Maria-Tereza-Urias-05-2048x1365.jpg 2048w\" sizes=\"(max-width: 843px) 100vw, 843px\" \/>\t\t\t\t\t\t\t\t\t\t\t\t\t\t\t<\/div>\n\t\t\t\t<\/div>\n\t\t\t\t\t<\/div>\n\t\t\t\t<\/div>\n\t\t<div class=\"elementor-element elementor-element-aebf475 e-flex e-con-boxed e-con e-parent\" data-id=\"aebf475\" data-element_type=\"container\">\n\t\t\t\t\t<div class=\"e-con-inner\">\n\t\t\t\t<div class=\"elementor-element elementor-element-d25e97d elementor-widget elementor-widget-image\" data-id=\"d25e97d\" data-element_type=\"widget\" data-widget_type=\"image.default\">\n\t\t\t\t<div class=\"elementor-widget-container\">\n\t\t\t\t\t\t\t\t\t\t\t\t\t\t\t<img loading=\"lazy\" decoding=\"async\" width=\"843\" height=\"562\" src=\"https:\/\/ciateatrodocumentario.com.br\/wp-content\/uploads\/2025\/04\/TERRENOS-Gaviao-Peixoto-Teatro-Documentario-Foto-Maria-Tereza-Urias-03-1024x683.jpg\" class=\"attachment-large size-large wp-image-298\" alt=\"\" srcset=\"https:\/\/ciateatrodocumentario.com.br\/wp-content\/uploads\/2025\/04\/TERRENOS-Gaviao-Peixoto-Teatro-Documentario-Foto-Maria-Tereza-Urias-03-1024x683.jpg 1024w, https:\/\/ciateatrodocumentario.com.br\/wp-content\/uploads\/2025\/04\/TERRENOS-Gaviao-Peixoto-Teatro-Documentario-Foto-Maria-Tereza-Urias-03-300x200.jpg 300w, https:\/\/ciateatrodocumentario.com.br\/wp-content\/uploads\/2025\/04\/TERRENOS-Gaviao-Peixoto-Teatro-Documentario-Foto-Maria-Tereza-Urias-03-768x512.jpg 768w, https:\/\/ciateatrodocumentario.com.br\/wp-content\/uploads\/2025\/04\/TERRENOS-Gaviao-Peixoto-Teatro-Documentario-Foto-Maria-Tereza-Urias-03-1536x1024.jpg 1536w, https:\/\/ciateatrodocumentario.com.br\/wp-content\/uploads\/2025\/04\/TERRENOS-Gaviao-Peixoto-Teatro-Documentario-Foto-Maria-Tereza-Urias-03-2048x1365.jpg 2048w\" sizes=\"(max-width: 843px) 100vw, 843px\" \/>\t\t\t\t\t\t\t\t\t\t\t\t\t\t\t<\/div>\n\t\t\t\t<\/div>\n\t\t\t\t\t<\/div>\n\t\t\t\t<\/div>\n\t\t\t\t<\/div>\n\t\t","protected":false},"excerpt":{"rendered":"<p>Em 2013, a Cia. elaborou o projeto A morte na vida da grande cidade contemplado pela 23\u00aa Edi\u00e7\u00e3o da Lei de Fomento ao Teatro para&hellip;<\/p>\n","protected":false},"author":1,"featured_media":0,"parent":0,"menu_order":0,"comment_status":"closed","ping_status":"closed","template":"","meta":{"_eb_attr":"","footnotes":""},"class_list":["post-291","page","type-page","status-publish","hentry"],"_links":{"self":[{"href":"https:\/\/ciateatrodocumentario.com.br\/index.php?rest_route=\/wp\/v2\/pages\/291","targetHints":{"allow":["GET"]}}],"collection":[{"href":"https:\/\/ciateatrodocumentario.com.br\/index.php?rest_route=\/wp\/v2\/pages"}],"about":[{"href":"https:\/\/ciateatrodocumentario.com.br\/index.php?rest_route=\/wp\/v2\/types\/page"}],"author":[{"embeddable":true,"href":"https:\/\/ciateatrodocumentario.com.br\/index.php?rest_route=\/wp\/v2\/users\/1"}],"replies":[{"embeddable":true,"href":"https:\/\/ciateatrodocumentario.com.br\/index.php?rest_route=%2Fwp%2Fv2%2Fcomments&post=291"}],"version-history":[{"count":5,"href":"https:\/\/ciateatrodocumentario.com.br\/index.php?rest_route=\/wp\/v2\/pages\/291\/revisions"}],"predecessor-version":[{"id":303,"href":"https:\/\/ciateatrodocumentario.com.br\/index.php?rest_route=\/wp\/v2\/pages\/291\/revisions\/303"}],"wp:attachment":[{"href":"https:\/\/ciateatrodocumentario.com.br\/index.php?rest_route=%2Fwp%2Fv2%2Fmedia&parent=291"}],"curies":[{"name":"wp","href":"https:\/\/api.w.org\/{rel}","templated":true}]}}